 divided by 16.
15
Suppose 2*y = 5*j - 157, -3*j + 95 = 4*y - 6*y. What is the remainder when j is divided by 18?
13
Let o(h) = h + 18. Let m be o(-13). Suppose 2*g + 151 + 108 = m*s, 0 = 2*s + 2*g - 98. Suppose -7*q = -4*q - s. What is the remainder when 48 is divided by q?
14
Let z(p) be the first derivative of 4*p**2 + 2*p + 3. What is the remainder when (-914)/(-12) - 4/24 is divided by z(3)?
24
Let o = 199 - 173. What is the remainder when 119 is divided by o?
15
Let z = 140 - 96. Calculate the remainder when 86 is divided by z.
42
Suppose -23 + 146 = 3*j. Suppose -3*n + 474 = 3*i, -3 = -2*n - 13. Calculate the remainder when i is divided by j.
40
Let z(p) = 17*p + 179. What is the remainder when z(-5) is divided by 16?
14
Suppose 2*f = 5*x - 401, 0 = -3*x - 0*f - 2*f + 247. What is the remainder when x is divided by 22?
15
Suppose 29 = 2*v + 5*o, 74*v - 3*o - 123 = 70*v. Let c = 40 - 29. Calculate the remainder when v is divided by c.
5
What is the remainder when (-1)/(-1) + (5 - -65) is divided by 25?
21
Let r = 291 + -102. Let i be (4/(-12))/(1/(-18)). Suppose -o - r = -3*j - i*o, -4*j = 3*o - 241. Calculate the remainder when j is divided by 15.
13
Suppose 2*o + 8 = 0, -2*o - 5 = -4*y + 43. Let n(r) = -r**2 - 5*r - 2. Let z be n(-4). Calculate the remainder when 152/y - z/10 is divided by 8.
7
Suppose 3*p - 10595 + 10076 = -3*f, 0 = -4*p + 2*f + 650. Let k = -28 + 49. Calculate the remainder when p is divided by k.
19
Let k(t) = 2*t**2 + 13*t - 34. Let w(m) = m**2 + 7*m - 17. Let d(l) = 4*k(l) - 7*w(l). What is the remainder when d(7) is divided by 29?
24
Let j = 15 - 13. Suppose -28 = -j*u + 314. Suppose 2*f - u = -f. Calculate the remainder when f is divided by 29.
28
Let u(w) = -3*w**2 + 10*w + 11. Let s(y) = -y**2 + 5*y + 5. Let a(f) = 5*s(f) - 2*u(f). What is the remainder when 22 is divided by a(-6)?
4
Let q = 1703 + -1701. Calculate the remainder when 11 is divided by q.
1
Let k(r) = -10*r - 134. Calculate the remainder when 618 is divided by k(-15).
10
Suppose -3*z + z = -4. Suppose 5*g + 345 = 3*b, z*b + 2*g = -7 + 221. Suppose -3*t = -b - 49. Calculate the remainder when t is divided by 14.
11
Suppose 374 + 318 = 2*w. Calculate the remainder when w is divided by 10.
6
Let a(t) = -t**3 - t**2 + 14*t + 11. Calculate the remainder when 313 is divided by a(-4).
1
Suppose 6*d + 3*a = 3*d - 186, 280 = -5*d + 5*a. Let k = 62 + d. Let s(n) = -n**3 + 5*n**2 - 4*n + 2. Calculate the remainder when k is divided by s(4).
1
Let o = 132 - 115. Calculate the remainder when 63 is divided by o.
12
Let u be (-3 - -1) + 16 + -2. Suppose 3*x = -2*y + 5*x + 36, -56 = -3*y + 5*x. Let s = y - u. Calculate the remainder when s is divided by 3.
2
Suppose 2*o - 155 = 273. What is the remainder when o is divided by 41?
9
Suppose 15*s + 6312 = 23*s. Calculate the remainder when s is divided by 10.
9
Let r(f) = f - 5. Let h be r(10). Suppose -u + 26 = 2*n, 3*u - 47 = -5*n + h*u. What is the remainder when 73 is divided by n?
7
Let w = 49 + -10. Let a be ((-33)/(-22))/(3/8). Suppose 0 = -a*f + 31 + 25. What is the remainder when w is divided by f?
11
Let z(m) be the second derivative of 0*m**2 + 0*m**3 + 5*m - 13/20*m**5 + 1/12*m**4 + 0. Calculate the remainder when 53 is divided by z(-1).
11
Suppose 244 = 4*i + 2*w, -4*i + i = 4*w - 178. Calculate the remainder when 251 is divided by i.
3
Let b(f) = -135*f + 14. What is the remainder when b(-1) is divided by 19?
16
Let f = 2722 + -2575. What is the remainder when f is divided by 13?
4
Let w = 38 + 26. Calculate the remainder when 3262 is divided by w.
62
Suppose -3 = t, -3*q + 234 = t - 1107. What is the remainder when q is divided by 11?
8
Suppose 11*r + 354 - 1135 = 0. Calculate the remainder when 283 is divided by r.
70
Suppose -895 - 125 = -12*f. Calculate the remainder when f is divided by 28.
1
Let x(t) = 8*t**3 + t**2 - 1. Let n be x(1). Suppose 77 = 3*l + n. What is the remainder when 114 is divided by l?
22
Let r be 0 + 4 - (3 + 4*-1). Suppose r*q = -q + 156. What is the remainder when q is divided by 14?
12
Let t(k) = k**3 - 25*k**2 - k + 38. Calculate the remainder when 371 is divided by t(25).
7
Suppose -5*q + 95 = w + 4*w, -3 = 3*w. Suppose -3*l = 3*r - 12, 2*l = 5*l - r - q. Calculate the remainder when 17 is divided by l.
5
Let s be 16/72 + (-4)/18. Suppose -22 = -2*n - 2*n - 3*f, s = -n + 2*f. Calculate the remainder when (0 + (3 - n))*-23 is divided by 12.
11
Calculate the remainder when 1078 is divided by (-36)/7*(11 - 513/18).
88
Suppose 0 = -g - 2, -2*b = 2*b + g - 2. Calculate the remainder when 81 is divided by b.
0
Suppose -53*y + 354 = -1236. Calculate the remainder when 1316 is divided by y.
26
Let k(q) = q**3 + 11*q**2 - 10*q + 28. Calculate the remainder when 14 is divided by k(-12).
2
Let t be (-5)/(-3) + 2/6. Suppose -14 = -2*p + b, 0 = p + t*b - 7. Calculate the remainder when 18 is divided by p.
4
Let s(f) = 2*f**2 - 7*f - 8. Let o be s(6). Suppose -5*d + 5*k = -45, -3*k = -2*d + k + o. What is the remainder when (-9)/3*(-40)/6 is divided by d?
6
Let n(z) = z**2 + 4*z + 1. Let m be n(-3). Calculate the remainder when 0/m - 15*-1 is divided by 20/6*5*24/50.
7
Suppose 0 = -4*a + 5*x - 17, -25 = -4*x - x. Suppose -2*o = 4*f + 22, a*f + 8 = o + o. What is the remainder when (-1 - (46 + -3))*o is divided by 15?
14
Let m = -170 + 191. What is the remainder when 70 is divided by m?
7
Let n(c) = -c**3 + 8*c**2 - 7*c + 2. Let q = 2 + 5. Calculate the remainder when 3 is divided by n(q).
1
Suppose u + 4*z - 146 = -120, 2*z = 2*u - 12. What is the remainder when 85 is divided by u?
5
Suppose -5*y + 2*m - 4 = m, -8 = -2*y - 2*m. Let n(g) = -3*g + 7*g**2 - 2 + y*g**3 + g**3 - 3 + 0*g. Calculate the remainder when n(-4) is divided by 29.
26
Suppose 142 = -4*i + 534. Let r = -10 + 12. Suppose r*s - i = -0*s. What is the remainder when s is divided by 26?
23
Let w be ((-6)/15)/((-2)/360). Let x = -43 + w. Calculate the remainder when x is divided by 8.
5
Suppose 2*i + 15 = -5*b, 8*i + 49 = 3*i - b. Let z be (0/(-2))/(3 + -1). Let g = z - i. What is the remainder when 37 is divided by g?
7
Suppose 0 = -3*a - 4*d + 179, -3*d - 33 = -a + d. Calculate the remainder when a is divided by 29.
24
Let v(u) = -u**2 - 9*u - 14. Let w(n) = -2*n - 3. Let t(a) = -2*v(a) + 11*w(a). Calculate the remainder when t(-6) is divided by (-3)/(-5) - (-56)/5*2.
22
Let m(r) be the third derivative of 0 + 2/3*r**3 + 0*r - 1/6*r**4 + 7*r**2 + 1/12*r**5 - 1/120*r**6. Calculate the remainder when 38 is divided by m(2).
6
Suppose 0 = -7*c + 82 + 16. Let v = -123 + 288. Calculate the remainder when v is divided by c.
11
Let p = -19 - -25. Suppose 0*u - v - 38 = -2*u, 0 = -4*u - 4*v + 64. Calculate the remainder when 11/(((-10)/p)/(-5)) is divided by u.
15
Suppose 3 = -4*t + 3*x + 25, -x = 2. Suppose -7*c + 12 = -4*c. Calculate the remainder when 118/c - (-2)/t is divided by 16.
14
Suppose 17*h - 22*h - 5*v = -2575, -4*h = 2*v - 2062. Calculate the remainder when h is divided by 11.
10
Let b = 167 + -109. What is the remainder when b is divided by 8?
2
Let g = -264 + 491. What is the remainder when g is divided by 72?
11
Let j(y) = 2*y - 17. Let m be j(10). Suppose 2*g = -5*b + 27, b + m*b = -4*g + 12. What is the remainder when 53 is divided by b?
4
Let n(c) = -c**2 + c + 4. Let a be n(2). Let z(w) = w + 10*w**a + 3*w - 6*w - 9*w**2 + 2. Calculate the remainder when 28 is divided by z(4).
8
Suppose 85 - 109 = -2*l. Calculate the remainder when 213 is divided by l.
9
Let q(u) = u + 1. Let z be q(1). Suppose 4*s + 3*d - 25 = -s, -s + z*d - 8 = 0. What is the remainder when s is divided by (-1 + 0)/((-4)/8)?
0
Let x(q) = -2*q**3 - 2*q**2 - 3*q - 17. What is the remainder when 107 is divided by x(-3)?
23
Suppose 5*w - 2*l + 40 = 3*l, -3*l = 2*w + 6. Let k = w - -4. Calculate the remainder when 202/8 + k/8 is divided by 13.
12
Let b(g) = -g**3 - 6*g**2 - 8*g - 5. Let a be b(-7). Let q = -78 + a. What is the remainder when 306 is divided by q?
20
Suppose -133*r - 195 = -138*r. Calculate the remainder when 134 is divided by r.
17
Suppose 7*m + 26*m = 9867. Calculate the remainder when m is divided by 101.
97
Suppose -2*q - q = -3*i + 120, 3*i = -5*q + 160. Suppose 2*x = i + 197. What is the remainder when x is divided by